{"id":2,"date":"2020-08-27T01:32:23","date_gmt":"2020-08-27T04:32:23","guid":{"rendered":"http:\/\/www.masconectados.cl\/sitio\/?page_id=2"},"modified":"2020-10-28T16:20:22","modified_gmt":"2020-10-28T19:20:22","slug":"pagina-de-ejemplo","status":"publish","type":"page","link":"https:\/\/www.masconectados.cl\/sitio\/","title":{"rendered":"Inicio"},"content":{"rendered":"<p>[et_pb_section fb_built=&#8221;1&#8243; fullwidth=&#8221;on&#8221; _builder_version=&#8221;4.4.7&#8243; background_color=&#8221;#ffffff&#8221;][et_pb_fullwidth_slider _builder_version=&#8221;4.4.7&#8243; background_color=&#8221;#ffffff&#8221; min_height=&#8221;550px&#8221; custom_css_main_element=&#8221;margin-top: 100px;&#8221; custom_css_slide_description=&#8221;margin-top: 50px;&#8221;][et_pb_slide admin_title=&#8221;Fibra \u00d3ptica&#8221; _builder_version=&#8221;4.4.7&#8243; background_color=&#8221;rgba(0,0,0,0)&#8221; background_enable_color=&#8221;on&#8221; background_image=&#8221;http:\/\/www.masconectados.cl\/sitio\/wp-content\/uploads\/2020\/10\/Slider_FO.jpg&#8221; background_enable_image=&#8221;on&#8221; custom_css_slide_description=&#8221;background-color: rgba(0, 0, 0, 0.5);||padding: 20px;&#8221;]<\/p>\n<h2>A TODA VELOCIDAD<\/h2>\n<p>Disfruta la mejor conexi\u00f3n con nuestro Internet por Fibra \u00d3ptica[\/et_pb_slide][et_pb_slide admin_title=&#8221;Empresas&#8221; _builder_version=&#8221;4.4.7&#8243; background_color=&#8221;rgba(0,0,0,0)&#8221; background_enable_color=&#8221;on&#8221; background_image=&#8221;http:\/\/www.masconectados.cl\/sitio\/wp-content\/uploads\/2020\/10\/Slider_FO2.jpg&#8221; background_enable_image=&#8221;on&#8221; custom_css_slide_description=&#8221;background-color: rgba(0, 0, 0, 0.5);||padding: 20px;&#8221;]<\/p>\n<h2><span>SERVICIOS DE ALTA FIDELIDAD PARA EMPRESAS<\/span><\/h2>\n<p>Obt\u00e9n los mejores Servicios de telecomunicaciones para empresas[\/et_pb_slide][et_pb_slide admin_title=&#8221;Rural&#8221; _builder_version=&#8221;4.4.7&#8243; background_color=&#8221;rgba(0,0,0,0)&#8221; background_enable_color=&#8221;on&#8221; background_image=&#8221;http:\/\/www.masconectados.cl\/sitio\/wp-content\/uploads\/2020\/10\/Slider_Rural.jpg&#8221; background_enable_image=&#8221;on&#8221; custom_css_slide_description=&#8221;background-color: rgba(0, 0, 0, 0.5);||padding: 20px;&#8221;]<\/p>\n<h2><span>INTERNET DONDE OTROS NO LLEGAN<\/span><\/h2>\n<p>Disfruta de la mejor conexi\u00f3n en lugares de dif\u00edcil acceso[\/et_pb_slide][\/et_pb_fullwidth_slider][\/et_pb_section][et_pb_section fb_built=&#8221;1&#8243; _builder_version=&#8221;4.4.7&#8243; background_color=&#8221;#ffffff&#8221; custom_padding=&#8221;0px||0px||false|false&#8221;][et_pb_row column_structure=&#8221;1_2,1_2&#8243; _builder_version=&#8221;4.4.7&#8243; custom_padding=&#8221;||0px||false|false&#8221;][et_pb_column type=&#8221;1_2&#8243; _builder_version=&#8221;4.4.7&#8243;][et_pb_image src=&#8221;http:\/\/www.masconectados.cl\/sitio\/wp-content\/uploads\/2020\/10\/Otros_Clientes.jpg&#8221; title_text=&#8221;Otros_Clientes&#8221; url=&#8221;https:\/\/clientes.masconectados.cl\/&#8221; url_new_window=&#8221;on&#8221; _builder_version=&#8221;4.4.7&#8243;][\/et_pb_image][\/et_pb_column][et_pb_column type=&#8221;1_2&#8243; _builder_version=&#8221;4.4.7&#8243;][et_pb_image src=&#8221;http:\/\/www.masconectados.cl\/sitio\/wp-content\/uploads\/2020\/10\/Otros_WebPay.jpg&#8221; title_text=&#8221;Otros_WebPay&#8221; url=&#8221;https:\/\/clientes.masconectados.cl\/cliente\/webpay&#8221; url_new_window=&#8221;on&#8221; _builder_version=&#8221;4.4.7&#8243;][\/et_pb_image][\/et_pb_column][\/et_pb_row][\/et_pb_section][et_pb_section fb_built=&#8221;1&#8243; module_id=&#8221;nosotros&#8221; _builder_version=&#8221;4.4.7&#8243;][et_pb_row _builder_version=&#8221;4.4.7&#8243; background_color=&#8221;#afc656&#8243; width=&#8221;100%&#8221; max_width=&#8221;2200px&#8221;][et_pb_column type=&#8221;4_4&#8243; _builder_version=&#8221;4.4.7&#8243;][et_pb_text _builder_version=&#8221;4.4.7&#8243; text_orientation=&#8221;center&#8221; background_layout=&#8221;dark&#8221;]<\/p>\n<h2>Qui\u00e9nes Somos<\/h2>\n<p>[\/et_pb_text][\/et_pb_column][\/et_pb_row][et_pb_row column_structure=&#8221;2_5,3_5&#8243; _builder_version=&#8221;4.4.7&#8243; locked=&#8221;off&#8221;][et_pb_column type=&#8221;2_5&#8243; _builder_version=&#8221;4.4.7&#8243;][et_pb_image src=&#8221;http:\/\/www.masconectados.cl\/sitio\/wp-content\/uploads\/2020\/10\/IMG_Nosotros.jpg&#8221; title_text=&#8221;IMG_Nosotros&#8221; _builder_version=&#8221;4.4.7&#8243;][\/et_pb_image][\/et_pb_column][et_pb_column type=&#8221;3_5&#8243; _builder_version=&#8221;4.4.7&#8243;][et_pb_text _builder_version=&#8221;4.4.7&#8243;]<\/p>\n<p style=\"font-weight: 400;\"><strong><em>M\u00e1s Conectados<\/em><\/strong><span>\u00a0<\/span>es una empresa regional de telecomunicaciones que desde el a\u00f1o 2016 trabaja con un gran equipo de trabajo dedic\u00e1ndose a entregar servicios de conectividad, tales como acceso a Internet hogar y empresas, telefon\u00eda IP, proyectos de conectividad, administraci\u00f3n de redes, entre otros.<\/p>\n<p style=\"font-weight: 400;\"><strong><em>M\u00e1s Conectados<\/em><\/strong><span>\u00a0<\/span>tiene cobertura en sectores rurales y urbanos de la regi\u00f3n de la Araucan\u00eda, a trav\u00e9s de una red propia de fibra \u00f3ptica e inal\u00e1mbrica.<\/p>\n<p style=\"font-weight: 400;\">Todo el personal de<span>\u00a0<\/span><strong><em>M\u00e1s Conectados<\/em><\/strong><span>\u00a0<\/span>trabaja con profesionalismo para acortar con la brecha digital y conectar a toda nuestra regi\u00f3n.<\/p>\n<p>[\/et_pb_text][\/et_pb_column][\/et_pb_row][\/et_pb_section][et_pb_section fb_built=&#8221;1&#8243; module_id=&#8221;hogar&#8221; _builder_version=&#8221;4.4.7&#8243;][et_pb_row _builder_version=&#8221;4.4.7&#8243; background_color=&#8221;#5e0117&#8243; width=&#8221;100%&#8221; max_width=&#8221;2200px&#8221; locked=&#8221;off&#8221;][et_pb_column type=&#8221;4_4&#8243; _builder_version=&#8221;4.4.7&#8243;][et_pb_text _builder_version=&#8221;4.4.7&#8243; text_orientation=&#8221;center&#8221; background_layout=&#8221;dark&#8221;]<\/p>\n<h2>Servicios Hogar<\/h2>\n<p>[\/et_pb_text][\/et_pb_column][\/et_pb_row][et_pb_row column_structure=&#8221;3_5,2_5&#8243; _builder_version=&#8221;4.4.7&#8243; hover_enabled=&#8221;0&#8243; locked=&#8221;off&#8221;][et_pb_column type=&#8221;3_5&#8243; _builder_version=&#8221;4.4.7&#8243;][et_pb_text _builder_version=&#8221;4.4.7&#8243; hover_enabled=&#8221;0&#8243;]<\/p>\n<p style=\"font-weight: 400;\">Todos nuestros planes son prepago sin contratos ni ataduras, esto quiere decir que pagas al momento de usar.<\/p>\n<p style=\"font-weight: 400;\">Por otro lado todos nuestros planes tienen transferencia de datos ilimitada, vendemos velocidad y no cantidad, puedes usar el servicio las 24 horas del d\u00eda los 7 d\u00edas de la semana y nunca limitaremos tu conexi\u00f3n.<\/p>\n<p style=\"font-weight: 400;\">Internet Rural Inal\u00e1mbrico\u00a0 &#8212; Internet Fibra \u00f3ptica<\/p>\n<p style=\"font-weight: 400;\">Puedes consultar coberturas, planes y precios <a href=\"http:\/\/www.masconectados.cl\/sitio\/#contacto\">aqu\u00ed<\/a>.<\/p>\n<p>[\/et_pb_text][\/et_pb_column][et_pb_column type=&#8221;2_5&#8243; _builder_version=&#8221;4.4.7&#8243;][et_pb_image src=&#8221;http:\/\/www.masconectados.cl\/sitio\/wp-content\/uploads\/2020\/10\/IMG_Hogar.jpg&#8221; title_text=&#8221;IMG_Hogar&#8221; _builder_version=&#8221;4.4.7&#8243;][\/et_pb_image][\/et_pb_column][\/et_pb_row][\/et_pb_section][et_pb_section fb_built=&#8221;1&#8243; module_id=&#8221;empresas&#8221; _builder_version=&#8221;4.4.7&#8243;][et_pb_row _builder_version=&#8221;4.4.7&#8243; background_color=&#8221;#01285e&#8221; width=&#8221;100%&#8221; max_width=&#8221;2200px&#8221; locked=&#8221;off&#8221;][et_pb_column type=&#8221;4_4&#8243; _builder_version=&#8221;4.4.7&#8243;][et_pb_text _builder_version=&#8221;4.4.7&#8243; text_orientation=&#8221;center&#8221; background_layout=&#8221;dark&#8221;]<\/p>\n<h2>Servicios Empresas<\/h2>\n<p>[\/et_pb_text][\/et_pb_column][\/et_pb_row][et_pb_row column_structure=&#8221;2_5,3_5&#8243; _builder_version=&#8221;4.4.7&#8243; locked=&#8221;off&#8221;][et_pb_column type=&#8221;2_5&#8243; _builder_version=&#8221;4.4.7&#8243;][et_pb_image src=&#8221;http:\/\/www.masconectados.cl\/sitio\/wp-content\/uploads\/2020\/10\/IMG_Empresa.jpg&#8221; title_text=&#8221;IMG_Empresa&#8221; _builder_version=&#8221;4.4.7&#8243;][\/et_pb_image][\/et_pb_column][et_pb_column type=&#8221;3_5&#8243; _builder_version=&#8221;4.4.7&#8243;][et_pb_text _builder_version=&#8221;4.4.7&#8243;]<\/p>\n<p style=\"font-weight: 400;\"><strong>M\u00e1s Conectados<\/strong><span>\u00a0<\/span>ofrece una amplia gama de soluciones para empresas entre las cuales podemos mencionar:<\/p>\n<p style=\"font-weight: 400;\">Internet Dedicado<\/p>\n<p style=\"font-weight: 400;\">IP p\u00fablicas dedicadas<\/p>\n<p style=\"font-weight: 400;\">Proyectos de conectividad especiales<\/p>\n<p style=\"font-weight: 400;\">Telefon\u00eda IP<\/p>\n<p style=\"font-weight: 400;\">Conexi\u00f3n virtual de sucursales<\/p>\n<p>[\/et_pb_text][\/et_pb_column][\/et_pb_row][\/et_pb_section][et_pb_section fb_built=&#8221;1&#8243; module_id=&#8221;contacto&#8221; _builder_version=&#8221;4.4.7&#8243;][et_pb_row _builder_version=&#8221;4.4.7&#8243; background_color=&#8221;#e26d00&#8243; width=&#8221;100%&#8221; max_width=&#8221;2200px&#8221; locked=&#8221;off&#8221;][et_pb_column type=&#8221;4_4&#8243; _builder_version=&#8221;4.4.7&#8243;][et_pb_text _builder_version=&#8221;4.4.7&#8243; text_orientation=&#8221;center&#8221; background_layout=&#8221;dark&#8221;]<\/p>\n<h2>Cont\u00e1ctanos<\/h2>\n<p>[\/et_pb_text][\/et_pb_column][\/et_pb_row][et_pb_row column_structure=&#8221;1_2,1_2&#8243; _builder_version=&#8221;4.4.7&#8243;][et_pb_column type=&#8221;1_2&#8243; _builder_version=&#8221;4.4.7&#8243;][et_pb_contact_form email=&#8221;info@masconectados.cl&#8221; custom_message=&#8221;Formulario Servicios Hogar||et_pb_line_break_holder||||et_pb_line_break_holder||Nombre: %%Nombre%%||et_pb_line_break_holder||Correo: %%Correo%%||et_pb_line_break_holder||Tel\u00e9fono: %%Telefono%%||et_pb_line_break_holder||Direcci\u00f3n: %%Direccion%%||et_pb_line_break_holder||Mensaje:||et_pb_line_break_holder||%%Mensaje%%&#8221; success_message=&#8221;Muchas gracias, nos pondremos en contacto a la brevedad.&#8221; submit_button_text=&#8221;Enviar&#8221; _builder_version=&#8221;4.4.7&#8243;][et_pb_contact_field field_id=&#8221;Nombre&#8221; field_title=&#8221;Nombre&#8221; _builder_version=&#8221;4.4.7&#8243; button_text_size__hover_enabled=&#8221;off&#8221; button_one_text_size__hover_enabled=&#8221;off&#8221; button_two_text_size__hover_enabled=&#8221;off&#8221; button_text_color__hover_enabled=&#8221;off&#8221; button_one_text_color__hover_enabled=&#8221;off&#8221; button_two_text_color__hover_enabled=&#8221;off&#8221; button_border_width__hover_enabled=&#8221;off&#8221; button_one_border_width__hover_enabled=&#8221;off&#8221; button_two_border_width__hover_enabled=&#8221;off&#8221; button_border_color__hover_enabled=&#8221;off&#8221; button_one_border_color__hover_enabled=&#8221;off&#8221; button_two_border_color__hover_enabled=&#8221;off&#8221; button_border_radius__hover_enabled=&#8221;off&#8221; button_one_border_radius__hover_enabled=&#8221;off&#8221; button_two_border_radius__hover_enabled=&#8221;off&#8221; button_letter_spacing__hover_enabled=&#8221;off&#8221; button_one_letter_spacing__hover_enabled=&#8221;off&#8221; button_two_letter_spacing__hover_enabled=&#8221;off&#8221; button_bg_color__hover_enabled=&#8221;off&#8221; button_one_bg_color__hover_enabled=&#8221;off&#8221; button_two_bg_color__hover_enabled=&#8221;off&#8221;][\/et_pb_contact_field][et_pb_contact_field field_id=&#8221;Correo&#8221; field_title=&#8221;Correo&#8221; field_type=&#8221;email&#8221; _builder_version=&#8221;4.4.7&#8243; button_text_size__hover_enabled=&#8221;off&#8221; button_one_text_size__hover_enabled=&#8221;off&#8221; button_two_text_size__hover_enabled=&#8221;off&#8221; button_text_color__hover_enabled=&#8221;off&#8221; button_one_text_color__hover_enabled=&#8221;off&#8221; button_two_text_color__hover_enabled=&#8221;off&#8221; button_border_width__hover_enabled=&#8221;off&#8221; button_one_border_width__hover_enabled=&#8221;off&#8221; button_two_border_width__hover_enabled=&#8221;off&#8221; button_border_color__hover_enabled=&#8221;off&#8221; button_one_border_color__hover_enabled=&#8221;off&#8221; button_two_border_color__hover_enabled=&#8221;off&#8221; button_border_radius__hover_enabled=&#8221;off&#8221; button_one_border_radius__hover_enabled=&#8221;off&#8221; button_two_border_radius__hover_enabled=&#8221;off&#8221; button_letter_spacing__hover_enabled=&#8221;off&#8221; button_one_letter_spacing__hover_enabled=&#8221;off&#8221; button_two_letter_spacing__hover_enabled=&#8221;off&#8221; button_bg_color__hover_enabled=&#8221;off&#8221; button_one_bg_color__hover_enabled=&#8221;off&#8221; button_two_bg_color__hover_enabled=&#8221;off&#8221;][\/et_pb_contact_field][et_pb_contact_field field_id=&#8221;Telefono&#8221; field_title=&#8221;Tel\u00e9fono&#8221; _builder_version=&#8221;4.4.7&#8243;][\/et_pb_contact_field][et_pb_contact_field field_id=&#8221;Direccion&#8221; field_title=&#8221;Direcci\u00f3n&#8221; _builder_version=&#8221;4.4.7&#8243;][\/et_pb_contact_field][et_pb_contact_field field_id=&#8221;Mensaje&#8221; field_title=&#8221;Mensaje&#8221; field_type=&#8221;text&#8221; fullwidth_field=&#8221;on&#8221; _builder_version=&#8221;4.4.7&#8243; button_text_size__hover_enabled=&#8221;off&#8221; button_one_text_size__hover_enabled=&#8221;off&#8221; button_two_text_size__hover_enabled=&#8221;off&#8221; button_text_color__hover_enabled=&#8221;off&#8221; button_one_text_color__hover_enabled=&#8221;off&#8221; button_two_text_color__hover_enabled=&#8221;off&#8221; button_border_width__hover_enabled=&#8221;off&#8221; button_one_border_width__hover_enabled=&#8221;off&#8221; button_two_border_width__hover_enabled=&#8221;off&#8221; button_border_color__hover_enabled=&#8221;off&#8221; button_one_border_color__hover_enabled=&#8221;off&#8221; button_two_border_color__hover_enabled=&#8221;off&#8221; button_border_radius__hover_enabled=&#8221;off&#8221; button_one_border_radius__hover_enabled=&#8221;off&#8221; button_two_border_radius__hover_enabled=&#8221;off&#8221; button_letter_spacing__hover_enabled=&#8221;off&#8221; button_one_letter_spacing__hover_enabled=&#8221;off&#8221; button_two_letter_spacing__hover_enabled=&#8221;off&#8221; button_bg_color__hover_enabled=&#8221;off&#8221; button_one_bg_color__hover_enabled=&#8221;off&#8221; button_two_bg_color__hover_enabled=&#8221;off&#8221;][\/et_pb_contact_field][\/et_pb_contact_form][\/et_pb_column][et_pb_column type=&#8221;1_2&#8243; _builder_version=&#8221;4.4.7&#8243;][et_pb_text _builder_version=&#8221;4.4.7&#8243; text_font_size=&#8221;20px&#8221;]<\/p>\n<p>Tenemos factibilidad en Temuco y alrededores y tambi\u00e9n en sectores aleda\u00f1os de Villarrica y Puc\u00f3n.<\/p>\n<p><i class=\"fa fa-whatsapp\"><\/i><span> <a href=\"https:\/\/wa.me\/56993907033\" target=\"_blank\" rel=\"noopener noreferrer\"><img loading=\"lazy\" src=\"http:\/\/www.masconectados.cl\/sitio\/wp-content\/uploads\/2020\/10\/iconos_whatsapp.png\" width=\"20\" height=\"20\" alt=\"\" class=\"wp-image-79 alignnone size-full\" \/>\u00a0 +569 9390 7033<\/a><\/span><\/p>\n<p><a href=\"https:\/\/wa.me\/56993908371\" target=\"_blank\" rel=\"noopener noreferrer\"><img loading=\"lazy\" src=\"http:\/\/www.masconectados.cl\/sitio\/wp-content\/uploads\/2020\/10\/iconos_whatsapp.png\" width=\"20\" height=\"20\" alt=\"\" class=\"wp-image-79 alignnone size-full\" \/>\u00a0 +569 9390 8371<\/a><\/p>\n<p><a href=\"tel:452798364\" target=\"_blank\" rel=\"noopener noreferrer\"><img loading=\"lazy\" src=\"http:\/\/www.masconectados.cl\/sitio\/wp-content\/uploads\/2020\/10\/iconos_telefono.png\" width=\"20\" height=\"20\" alt=\"\" class=\"wp-image-78 alignnone size-full\" \/>\u00a0 45-2798364<\/a><\/p>\n<p><a href=\"mailto:info@masconectados.cl\" target=\"_blank\" rel=\"noopener noreferrer\"><img loading=\"lazy\" src=\"http:\/\/www.masconectados.cl\/sitio\/wp-content\/uploads\/2020\/10\/iconos_mail.png\" width=\"20\" height=\"20\" alt=\"\" class=\"wp-image-77 alignnone size-full\" \/>\u00a0 info@masconectados.cl<\/a><\/p>\n<p>[\/et_pb_text][\/et_pb_column][\/et_pb_row][\/et_pb_section]<\/p>\n","protected":false},"excerpt":{"rendered":"<p>[et_pb_section fb_built=&#8221;1&#8243; fullwidth=&#8221;on&#8221; _builder_version=&#8221;4.4.7&#8243; background_color=&#8221;#ffffff&#8221;][et_pb_fullwidth_slider _builder_version=&#8221;4.4.7&#8243; background_color=&#8221;#ffffff&#8221; min_height=&#8221;550px&#8221; custom_css_main_element=&#8221;margin-top: 100px;&#8221; custom_css_slide_description=&#8221;margin-top: 50px;&#8221;][et_pb_slide admin_title=&#8221;Fibra \u00d3ptica&#8221; _builder_version=&#8221;4.4.7&#8243; background_color=&#8221;rgba(0,0,0,0)&#8221; background_enable_color=&#8221;on&#8221; background_image=&#8221;http:\/\/www.masconectados.cl\/sitio\/wp-content\/uploads\/2020\/10\/Slider_FO.jpg&#8221; background_enable_image=&#8221;on&#8221; custom_css_slide_description=&#8221;background-color: rgba(0, 0, 0, 0.5);||padding: 20px;&#8221;] A TODA VELOCIDAD Disfruta la mejor conexi\u00f3n con nuestro Internet por Fibra \u00d3ptica[\/et_pb_slide][et_pb_slide admin_title=&#8221;Empresas&#8221; _builder_version=&#8221;4.4.7&#8243; background_color=&#8221;rgba(0,0,0,0)&#8221; background_enable_color=&#8221;on&#8221; background_image=&#8221;http:\/\/www.masconectados.cl\/sitio\/wp-content\/uploads\/2020\/10\/Slider_FO2.jpg&#8221; background_enable_image=&#8221;on&#8221; custom_css_slide_description=&#8221;background-color: rgba(0, 0, 0, 0.5);||padding: 20px;&#8221;] SERVICIOS DE ALTA FIDELIDAD PARA [&hellip;]<\/p>\n","protected":false},"author":1,"featured_media":0,"parent":0,"menu_order":0,"comment_status":"closed","ping_status":"open","template":"","meta":{"_et_pb_use_builder":"on","_et_pb_old_content":"","_et_gb_content_width":""},"_links":{"self":[{"href":"https:\/\/www.masconectados.cl\/sitio\/wp-json\/wp\/v2\/pages\/2"}],"collection":[{"href":"https:\/\/www.masconectados.cl\/sitio\/wp-json\/wp\/v2\/pages"}],"about":[{"href":"https:\/\/www.masconectados.cl\/sitio\/wp-json\/wp\/v2\/types\/page"}],"author":[{"embeddable":true,"href":"https:\/\/www.masconectados.cl\/sitio\/wp-json\/wp\/v2\/users\/1"}],"replies":[{"embeddable":true,"href":"https:\/\/www.masconectados.cl\/sitio\/wp-json\/wp\/v2\/comments?post=2"}],"version-history":[{"count":29,"href":"https:\/\/www.masconectados.cl\/sitio\/wp-json\/wp\/v2\/pages\/2\/revisions"}],"predecessor-version":[{"id":170,"href":"https:\/\/www.masconectados.cl\/sitio\/wp-json\/wp\/v2\/pages\/2\/revisions\/170"}],"wp:attachment":[{"href":"https:\/\/www.masconectados.cl\/sitio\/wp-json\/wp\/v2\/media?parent=2"}],"curies":[{"name":"wp","href":"https:\/\/api.w.org\/{rel}","templated":true}]}}